{"id":204,"date":"2012-03-13T17:43:56","date_gmt":"2012-03-13T17:43:56","guid":{"rendered":"http:\/\/musiquemixte.sfam.org\/?page_id=204"},"modified":"2012-03-14T19:11:54","modified_gmt":"2012-03-14T19:11:54","slug":"societe-francaise-danalyse-musicale-sfam","status":"publish","type":"page","link":"http:\/\/musiquemixte.sfam.org\/?page_id=204","title":{"rendered":"La Soci\u00e9t\u00e9 Fran\u00e7aise d\u2019Analyse Musicale (SFAM)"},"content":{"rendered":"<div>\n<div>\n<p dir=\"ltr\">Site web :<a href=\"http:\/\/www.sfam.org\/\" target=\"_blank\"> http:\/\/www.sfam.org<\/a><\/p>\n<p dir=\"ltr\">La Soci\u00e9t\u00e9 Fran\u00e7aise d\u2019Analyse Musicale est une soci\u00e9t\u00e9 savante qui r\u00e9unit des musiciens, artistes-p\u00e9dagogues, interpr\u00e8tes, compositeurs, musicologues (Universit\u00e9s et Conservatoires) dans une r\u00e9flexion sur l\u2019\u00ab interpr\u00e9tation \u00bb de la musique dans l\u2019acception la plus large de ce terme. Elle organise des rencontres, des concerts-analyses, des colloques et concourt \u00e0 la publication d\u2019ouvrages fondamentaux et de revues.<\/p>\n<p dir=\"ltr\">\u00c0 son initiative, se tenait en 1989, \u00e0 Colmar, le premier Congr\u00e8s europ\u00e9en d\u2019analyse musicale (300 participants, une trentaine de pays repr\u00e9sent\u00e9s). Cette rencontre fondatrice est devenue une r\u00e9f\u00e9rence internationale pour l\u2019analyse musicale et d\u2019autres congr\u00e8s ont suivi : apr\u00e8s Trento, Montpellier, Rotterdam, Bristol et Freiburg, le septi\u00e8me Congr\u00e8s s\u2019est tenu \u00e0 Rome en 2011.<\/p>\n<h2 dir=\"ltr\">Revues<\/h2>\n<p dir=\"ltr\">La revue <em>Analyse Musicale<\/em> a \u00e9t\u00e9 publi\u00e9e sous l\u2019\u00e9gide de la Sfam de 1985 \u00e0 1993. La Sfam a ensuite apport\u00e9 son concours \u00e0 la cr\u00e9ation d\u2019une nouvelle revue, <em>Musurgia<\/em>, (<a href=\"about:blank\" target=\"_blank\">http:\/\/musurgia.free.fr)<\/a> qui propose quatre num\u00e9ros annuels.<\/p>\n<p dir=\"ltr\">La revue en ligne <em>Musim\u00e9diane<\/em> (<a href=\"http:\/\/www.musimediane.com\/\" target=\"_blank\">http:\/\/www.musimediane.com<\/a>) utilise de nouveaux moyens multim\u00e9dia, elle accueille des articles d\u2019analyse musicale et de th\u00e9orie de la musique faisant appel aux techniques multim\u00e9dia. Les recherches sur les r\u00e9pertoires traditionnels, la musique \u00e9lectroacoustique, les corpus de l\u2019oralit\u00e9, l\u2019interpr\u00e9tation ou la \u00ab mise en onde \u00bb, se sont d\u00e9velopp\u00e9es parall\u00e8lement \u00e0 ces nouveaux moyens d\u2019investigation et l\u2019ensemble du champ musicologique, tout comme la p\u00e9dagogie de la musique, peut tirer profit de cette ouverture. Au-del\u00e0 d\u2019une transformation du support technique, la revue Musim\u00e9diane \u00a0propose d\u2019accompagner la r\u00e9flexion sur les enjeux sp\u00e9cifiques du musical.<\/p>\n<h2 dir=\"ltr\">Colloques<\/h2>\n<p dir=\"ltr\">Seule ou en collaboration avec d\u2019autres institutions, la Sfam a organis\u00e9 de nombreux colloques. Avec les universit\u00e9s de Paris IV (<em>Riemann<\/em>), Paris X, Strasbourg, Rennes (<em>Musique et Images, Journ\u00e9es d\u2019Informatique Musicale<\/em>), avec le Cdmc (<em>Analyse et enseignement de l\u2019Ecriture<\/em>), avec l\u2019IRCAM (<em>Epist\u00e9mologie &#8211; Interpr\u00e9tation &#8211; Autour de la Set Theory &#8211; Autour de D. Lewin &#8211; Analyse de la M\u00e9lodie &#8211; Improvisation &#8211; Hommage \u00e0 Marcel Mesnage<\/em>). Elle a \u00e9galement organis\u00e9 un colloque autour de la publication des cinq Tomes de l\u2019Encyclop\u00e9die Einaudi-Actes-Sud, un colloque autour de Carter, <em>L\u2019analyse musicale aujourd\u2019hui. Crise ou (r)\u00e9volution et Regards actuels sur la tonalit\u00e9<\/em>.<\/p>\n<h2 dir=\"ltr\">Groupes de recherche<\/h2>\n<p dir=\"ltr\">La Sfam met actuellement en place des groupes de travail constitu\u00e9s \u00e0 partir de l\u2019identification des courants analytiques qui traversent le paysage actuel des pratiques et de la recherche dans le domaine de la musicologie analytique (analyse et p\u00e9dagogie, formalisations, analyses (n\u00e9o-)riemanniennes, analyse schenk\u00e9rienne, rh\u00e9torique musicale, analyse de la musique \u00e9lectroacoustique, etc.).<\/p>\n<\/div>\n<\/div>\n","protected":false},"excerpt":{"rendered":"<p>Site web : http:\/\/www.sfam.org La Soci\u00e9t\u00e9 Fran\u00e7aise d\u2019Analyse Musicale est une soci\u00e9t\u00e9 savante qui r\u00e9unit des musiciens, artistes-p\u00e9dagogues, interpr\u00e8tes, compositeurs, musicologues (Universit\u00e9s et Conservatoires) dans une r\u00e9flexion sur l\u2019\u00ab interpr\u00e9tation \u00bb de la musique dans l\u2019acception la plus large de &hellip; <a href=\"http:\/\/musiquemixte.sfam.org\/?page_id=204\">Continue reading <span class=\"meta-nav\">&rarr;<\/span><\/a><\/p>\n","protected":false},"author":1,"featured_media":0,"parent":0,"menu_order":0,"comment_status":"closed","ping_status":"closed","template":"","meta":[],"_links":{"self":[{"href":"http:\/\/musiquemixte.sfam.org\/index.php?rest_route=\/wp\/v2\/pages\/204"}],"collection":[{"href":"http:\/\/musiquemixte.sfam.org\/index.php?rest_route=\/wp\/v2\/pages"}],"about":[{"href":"http:\/\/musiquemixte.sfam.org\/index.php?rest_route=\/wp\/v2\/types\/page"}],"author":[{"embeddable":true,"href":"http:\/\/musiquemixte.sfam.org\/index.php?rest_route=\/wp\/v2\/users\/1"}],"replies":[{"embeddable":true,"href":"http:\/\/musiquemixte.sfam.org\/index.php?rest_route=%2Fwp%2Fv2%2Fcomments&post=204"}],"version-history":[{"count":6,"href":"http:\/\/musiquemixte.sfam.org\/index.php?rest_route=\/wp\/v2\/pages\/204\/revisions"}],"predecessor-version":[{"id":206,"href":"http:\/\/musiquemixte.sfam.org\/index.php?rest_route=\/wp\/v2\/pages\/204\/revisions\/206"}],"wp:attachment":[{"href":"http:\/\/musiquemixte.sfam.org\/index.php?rest_route=%2Fwp%2Fv2%2Fmedia&parent=204"}],"curies":[{"name":"wp","href":"https:\/\/api.w.org\/{rel}","templated":true}]}}