{"id":188,"date":"2012-03-08T16:09:22","date_gmt":"2012-03-08T16:09:22","guid":{"rendered":"http:\/\/musiquemixte.sfam.org\/?page_id=188"},"modified":"2012-07-10T09:51:00","modified_gmt":"2012-07-10T09:51:00","slug":"le-projet-repertoire-de-lircam","status":"publish","type":"page","link":"http:\/\/musiquemixte.sfam.org\/?page_id=188","title":{"rendered":"Le projet R\u00e9pertoire de l\u2019Ircam"},"content":{"rendered":"<p>Le projet R\u00e9pertoire Ircam est une collection d\u2019analyses musicales en ligne d\u2019\u0153uvres cr\u00e9es \u00e0 l\u2019Ircam et consid\u00e9r\u00e9es comme repr\u00e9sentatives de la culture de l\u2019institut tant sur le plan artistique que technologique. Plusieurs objectifs sont poursuivis par ce projet :<\/p>\n<ul>\n<li>faire conna\u00eetre les \u0153uvres produites \u00e0 l\u2019Ircam \u00e0 un public plus large,<\/li>\n<li>montrer la relation entre l\u2019id\u00e9e musicale et les technologies utilis\u00e9s,<\/li>\n<li>identifier les nouveaux \u00e9l\u00e9ments du vocabulaire musical qui \u00e9mergent \u00e0 travers ces \u0153uvres,<\/li>\n<li>offrir un support d\u2019information aux interpr\u00e8tes, aux enseignants, aux chercheurs.<\/li>\n<\/ul>\n<p>Chaque analyse propose une description g\u00e9n\u00e9rale de l\u2019\u0153uvre, et une analyse d&rsquo;extraits significatifs de l\u2019\u0153uvre avec mise en relation de l\u2019id\u00e9e musicale et de l\u2019\u00e9criture \u00e9lectronique, ainsi bien s\u00fbr qu&rsquo;une liste de ressources (bibliographiques, technologiques, etc.).<\/p>\n<p>Les premi\u00e8res analyses ont \u00e9t\u00e9 mises en ligne en 2011 sur une version beta du site, et une n\u00e9gociation avec les \u00e9diteurs est en cours afin de pouvoir mettre \u00e0 disposition des lecteurs\/auditeurs tous les extraits n\u00e9cessaires des partitions et des enregistrements. Il est pr\u00e9vu que la collection s\u2019\u00e9largisse \u00e0 un rythme de cinq \u00e0 dix \u0153uvres par an, jusqu&rsquo;\u00e0 couvrir un corpus d&rsquo;environ 70 \u0153uvres (auxquelles s&rsquo;ajouteront les analyses de nouvelles \u0153uvres cr\u00e9\u00e9s \u00e0 l\u2019Ircam dans les ann\u00e9es r\u00e9centes et \u00e0 venir).<\/p>\n<p>Ressources \u00a0ARCHIPROD :\u00a0<a href=\"http:\/\/ressources.ircam.fr\/archiprod.html\" target=\"_blank\">http:\/\/ressources.ircam.fr\/archiprod.html<\/a>.<\/p>\n<h2>Andrew Gerzso<\/h2>\n<div>\n<p>N\u00e9 au mexique, il effectue ses \u00e9tudes de fl\u00fbte et de composition au new England Conservatory \u00e0 Boston, California Institute of the Arts \u00e0 los Angeles puis au Conservatoire royal \u00e0 la Haye.<\/p>\n<p>Entr\u00e9 \u00e0 l\u2019Ircam en 1977 comme chercheur, il occupe successivement les postes de directeur technique, responsable de la recherche musicale, directeur du d\u00e9partement Cr\u00e9ation, responsable du Forum Ircam, directeur de la P\u00e9dagogie. Cr\u00e9ateur du p\u00f4le spectacle, il a dirig\u00e9 de 2006 \u00e0 2011 le d\u00e9partement m\u00e9dia- tions recherche\/cr\u00e9ation et coordonn\u00e9 ainsi l\u2019interaction entre le secteur artistique et scientifique de l\u2019Ircam. Il a repris la direction du d\u00e9partement P\u00e9dagogie depuis janvier 2012.<\/p>\n<p>Il a publi\u00e9 des articles sur la musique informatique dans des journaux tels que <em>La Recherche<\/em>, <em>Pour la Science<\/em>, <em>Scientific American<\/em> et <em>Leonardo<\/em>.<\/p>\n<p>Depuis 1980, il collabore avec Pierre Boulez \u00e0 l\u2019Ircam (pour la r\u00e9alisation \u00e9lectroacoustique de <em>R\u00e9pons<\/em> en 1981, <em>Dialogue de l&rsquo;ombre double<\/em> en 1985, <em>Explosante-fixe<\/em> en 1991 et <em>Anth\u00e8mes 2<\/em> en 1997, et au Coll\u00e8ge de France (pour les s\u00e9minaires annuels jusqu\u2019\u00e0 1995). les enregistrements chez Deutsche Grammophon d\u2019<em>Explosante-fixe<\/em> et <em>R\u00e9pons<\/em> ont re\u00e7u le prix Grammy aux \u00c9tats-unis en 1996 et 1999 respectivement.<\/p>\n<\/div>\n","protected":false},"excerpt":{"rendered":"<p>Le projet R\u00e9pertoire Ircam est une collection d\u2019analyses musicales en ligne d\u2019\u0153uvres cr\u00e9es \u00e0 l\u2019Ircam et consid\u00e9r\u00e9es comme repr\u00e9sentatives de la culture de l\u2019institut tant sur le plan artistique que technologique. Plusieurs objectifs sont poursuivis par ce projet : faire &hellip; <a href=\"http:\/\/musiquemixte.sfam.org\/?page_id=188\">Continue reading <span class=\"meta-nav\">&rarr;<\/span><\/a><\/p>\n","protected":false},"author":1,"featured_media":0,"parent":0,"menu_order":0,"comment_status":"closed","ping_status":"closed","template":"","meta":[],"_links":{"self":[{"href":"http:\/\/musiquemixte.sfam.org\/index.php?rest_route=\/wp\/v2\/pages\/188"}],"collection":[{"href":"http:\/\/musiquemixte.sfam.org\/index.php?rest_route=\/wp\/v2\/pages"}],"about":[{"href":"http:\/\/musiquemixte.sfam.org\/index.php?rest_route=\/wp\/v2\/types\/page"}],"author":[{"embeddable":true,"href":"http:\/\/musiquemixte.sfam.org\/index.php?rest_route=\/wp\/v2\/users\/1"}],"replies":[{"embeddable":true,"href":"http:\/\/musiquemixte.sfam.org\/index.php?rest_route=%2Fwp%2Fv2%2Fcomments&post=188"}],"version-history":[{"count":4,"href":"http:\/\/musiquemixte.sfam.org\/index.php?rest_route=\/wp\/v2\/pages\/188\/revisions"}],"predecessor-version":[{"id":192,"href":"http:\/\/musiquemixte.sfam.org\/index.php?rest_route=\/wp\/v2\/pages\/188\/revisions\/192"}],"wp:attachment":[{"href":"http:\/\/musiquemixte.sfam.org\/index.php?rest_route=%2Fwp%2Fv2%2Fmedia&parent=188"}],"curies":[{"name":"wp","href":"https:\/\/api.w.org\/{rel}","templated":true}]}}