{"id":105,"date":"2012-02-22T17:19:22","date_gmt":"2012-02-22T17:19:22","guid":{"rendered":"http:\/\/musiquemixte.sfam.org\/?page_id=105"},"modified":"2012-02-22T17:19:22","modified_gmt":"2012-02-22T17:19:22","slug":"laperception-de-lelectronique-par-les-interpretes-dans-les-oeuvres-mixtes-en-temps-reel-pour-instrument-seul","status":"publish","type":"page","link":"http:\/\/musiquemixte.sfam.org\/?page_id=105","title":{"rendered":"L\u2019(a)perception de l\u2019\u00e9lectronique par les interpr\u00e8tes dans les \u0153uvres mixtes en temps r\u00e9el pour instrument seul"},"content":{"rendered":"<p>Dans les musiques mixtes en temps r\u00e9el, l\u2019interpr\u00e8te est confront\u00e9 \u00e0 un autre \u2013 plus ou moins inconnu \u2013 \u00e9manent d\u2019un dispositif technologique. Le travail men\u00e9 par le musicien, tant pour l\u2019apprentissage de l\u2019\u0153uvre que pour sa performance en concert, est naturellement alt\u00e9r\u00e9 par ce dispositif. Mais que sait-on de cette nouvelle attitude interpr\u00e9tative\u00a0? De quelle mani\u00e8re les musiciens abordent-ils les \u0153uvres mixtes et comment l\u2019\u00e9lectronique modifie-t-elle leur fa\u00e7on de jouer\u00a0? Pour r\u00e9pondre \u00e0 ces interrogations et engager une recherche plus g\u00e9n\u00e9rale sur la mani\u00e8re de documenter\/analyser les \u0153uvres mixtes en temps r\u00e9el afin d\u2019en faciliter l\u2019interpr\u00e9tation, nous avons analys\u00e9 le point de vue d\u2019interpr\u00e8tes professionnels habitu\u00e9s \u00e0 aborder ce type de r\u00e9pertoire. Nous avons conduit en France et au Canada une dizaine d\u2019entretiens semi dirig\u00e9s visant \u00e0 comprendre comment ils travaillent les \u0153uvres mixtes, comment ils se familiarisent avec le dispositif technologique et quelle importance ils accordent \u00e0 la partie \u00e9lectronique. Nous pr\u00e9senterons dans un premier temps notre dispositif de recherche (de la r\u00e9alisation du questionnaire semi directif \u00e0 l\u2019analyse des donn\u00e9es) et exposerons, dans un deuxi\u00e8me temps, les principaux r\u00e9sultats pr\u00e9liminaires que cette \u00e9tude a permis de d\u00e9gager.<\/p>\n<h2><strong>Fran\u00e7ois-Xavier F\u00e9ron<\/strong><\/h2>\n<p>Fran\u00e7ois-Xavier F\u00e9ron est titulaire d\u2019un master en acoustique musicale (universit\u00e9 Paris\u00a0VI-IRCAM) et d\u2019un doctorat en musicologie (universit\u00e9 Paris\u00a0IV). Ses recherches se concentrent principalement autour de la dialectique Musique\/Acoustique. Sa th\u00e8se consacr\u00e9e \u00e0 l\u2019impact des illusions auditives sur la cr\u00e9ation musicale a \u00e9t\u00e9 soutenue en 2006. Apr\u00e8s avoir \u00e9t\u00e9 enseignant \u00e0 l\u2019universit\u00e9 de Nantes (2006-2008), il a effectu\u00e9 des recherches en psychoacoustique au CIRMMT (Universit\u00e9<em> <\/em>McGill, Montr\u00e9al) portant sur la perception des trajectoires sonores circulaires (2008-2009). Il a ensuite rejoint l\u2019\u00e9quipe <em>Analyse des Pratiques Musicales<\/em> au sein de l\u2019IRCAM dans le cadre du projet ANR MuTeC (2009-2011)\u00a0: il s\u2019est int\u00e9ress\u00e9 d\u2019une part \u00e0 la gen\u00e8se du cycle <em>Les espaces acoustiques<\/em> (1974-1985) de G\u00e9rard Grisey et d\u2019autre part \u2013 en collaboration avec Nicolas Donin \u2013 au processus de cr\u00e9ation de <em>Gramigna<\/em> (2009-&#8230;) de Stefano Gervasoni. Fran\u00e7ois-Xavier a \u00e9t\u00e9 boursier de la fondation Paul Sacher \u00e0 B\u00e2le en 2010 et a re\u00e7u, en 2011, une bourse du Centre National du Livre pour l\u2019\u00e9dition d\u2019un ouvrage consacr\u00e9 aux illusions auditives.<\/p>\n<h2><strong>Guillaume Boutard<\/strong><\/h2>\n<p>Apr\u00e8s un Master de G\u00e9ophysique en 1995 et un Master d\u2019Informatique en 1999, Guillaume Boutard a travaill\u00e9 en tant qu\u2019ing\u00e9nieur \u00e0 l\u2019IRCAM (Institut de Recherche et Coordination Acoustique\/Musique) de 2001 \u00e0 2009 sur plusieurs projets comme CASPAR (<em>Cultural, Artistic and Scientific knowledge for Preservation, Access and Retrieval<\/em>) and CUIDADO (<em>Content-based Unified Interfaces and Descriptors for Audio\/music Databases available Online<\/em>). Depuis 2009, il est doctorant au sein de la <em>School of Information Studies<\/em> (McGill University) et membre du CIRMMT (<em>Center for Interdisciplinary Research in Music Media and Technology<\/em>). Ses recherches, financ\u00e9es par le FQRSC (Fonds qu\u00e9b\u00e9cois de la recherche sur la soci\u00e9t\u00e9 et la culture) et une bourse d\u2019excellence de la <em>School of Information Studies<\/em>, sont dirig\u00e9es vers la pr\u00e9servation des \u0153uvres de musiques \u00e9lectroacoustiques et mixtes\u00a0: elles s\u2019articulent principalement autour de la rencontre entre archivistique et gestion des connaissances d\u2019une part, et sociologie des sciences et sociologie de la musique d\u2019autre part.<\/p>\n","protected":false},"excerpt":{"rendered":"<p>Dans les musiques mixtes en temps r\u00e9el, l\u2019interpr\u00e8te est confront\u00e9 \u00e0 un autre \u2013 plus ou moins inconnu \u2013 \u00e9manent d\u2019un dispositif technologique. Le travail men\u00e9 par le musicien, tant pour l\u2019apprentissage de l\u2019\u0153uvre que pour sa performance en concert, &hellip; <a href=\"http:\/\/musiquemixte.sfam.org\/?page_id=105\">Continue reading <span class=\"meta-nav\">&rarr;<\/span><\/a><\/p>\n","protected":false},"author":1,"featured_media":0,"parent":0,"menu_order":0,"comment_status":"closed","ping_status":"closed","template":"","meta":[],"_links":{"self":[{"href":"http:\/\/musiquemixte.sfam.org\/index.php?rest_route=\/wp\/v2\/pages\/105"}],"collection":[{"href":"http:\/\/musiquemixte.sfam.org\/index.php?rest_route=\/wp\/v2\/pages"}],"about":[{"href":"http:\/\/musiquemixte.sfam.org\/index.php?rest_route=\/wp\/v2\/types\/page"}],"author":[{"embeddable":true,"href":"http:\/\/musiquemixte.sfam.org\/index.php?rest_route=\/wp\/v2\/users\/1"}],"replies":[{"embeddable":true,"href":"http:\/\/musiquemixte.sfam.org\/index.php?rest_route=%2Fwp%2Fv2%2Fcomments&post=105"}],"version-history":[{"count":2,"href":"http:\/\/musiquemixte.sfam.org\/index.php?rest_route=\/wp\/v2\/pages\/105\/revisions"}],"predecessor-version":[{"id":108,"href":"http:\/\/musiquemixte.sfam.org\/index.php?rest_route=\/wp\/v2\/pages\/105\/revisions\/108"}],"wp:attachment":[{"href":"http:\/\/musiquemixte.sfam.org\/index.php?rest_route=%2Fwp%2Fv2%2Fmedia&parent=105"}],"curies":[{"name":"wp","href":"https:\/\/api.w.org\/{rel}","templated":true}]}}